{"id":16559,"date":"2023-10-31T18:39:40","date_gmt":"2023-10-31T17:39:40","guid":{"rendered":"https:\/\/thalitaperu.com\/?post_type=product&#038;p=16559"},"modified":"2023-11-15T23:17:49","modified_gmt":"2023-11-15T22:17:49","slug":"ref-4779-body-faja-basico-con-copas","status":"publish","type":"product","link":"https:\/\/thalitaperu.com\/index.php\/producto\/ref-4779-body-faja-basico-con-copas\/","title":{"rendered":"Ref 4779 Body faja b\u00e1sico con copas"},"content":{"rendered":"<div>\n<p>MATERIAL<\/p>\n<p>Licra colombiana 94% Poliester 6% Elastano<\/p>\n<\/div>\n","protected":false},"excerpt":{"rendered":"<div>\n<p>Body faja con dise\u00f1o copas prehormadas y dise\u00f1o de cadenas en parte frontal de tiras. Doble tela de compresi\u00f3n en abdomen y truza tipo hilo.<\/p>\n<\/div>\n","protected":false},"featured_media":16398,"comment_status":"open","ping_status":"closed","template":"","meta":{"_joinchat":[]},"product_brand":[],"product_cat":[76,20,75],"product_tag":[],"class_list":{"0":"post-16559","1":"product","2":"type-product","3":"status-publish","4":"has-post-thumbnail","6":"product_cat-bodies-con-copa","7":"product_cat-bodies-faja","8":"product_cat-bodies-manga-corta","10":"first","11":"instock","12":"shipping-taxable","13":"purchasable","14":"product-type-variable"},"jetpack_sharing_enabled":true,"_links":{"self":[{"href":"https:\/\/thalitaperu.com\/index.php\/wp-json\/wp\/v2\/product\/16559","targetHints":{"allow":["GET"]}}],"collection":[{"href":"https:\/\/thalitaperu.com\/index.php\/wp-json\/wp\/v2\/product"}],"about":[{"href":"https:\/\/thalitaperu.com\/index.php\/wp-json\/wp\/v2\/types\/product"}],"replies":[{"embeddable":true,"href":"https:\/\/thalitaperu.com\/index.php\/wp-json\/wp\/v2\/comments?post=16559"}],"version-history":[{"count":2,"href":"https:\/\/thalitaperu.com\/index.php\/wp-json\/wp\/v2\/product\/16559\/revisions"}],"predecessor-version":[{"id":17193,"href":"https:\/\/thalitaperu.com\/index.php\/wp-json\/wp\/v2\/product\/16559\/revisions\/17193"}],"wp:featuredmedia":[{"embeddable":true,"href":"https:\/\/thalitaperu.com\/index.php\/wp-json\/wp\/v2\/media\/16398"}],"wp:attachment":[{"href":"https:\/\/thalitaperu.com\/index.php\/wp-json\/wp\/v2\/media?parent=16559"}],"wp:term":[{"taxonomy":"product_brand","embeddable":true,"href":"https:\/\/thalitaperu.com\/index.php\/wp-json\/wp\/v2\/product_brand?post=16559"},{"taxonomy":"product_cat","embeddable":true,"href":"https:\/\/thalitaperu.com\/index.php\/wp-json\/wp\/v2\/product_cat?post=16559"},{"taxonomy":"product_tag","embeddable":true,"href":"https:\/\/thalitaperu.com\/index.php\/wp-json\/wp\/v2\/product_tag?post=16559"}],"curies":[{"name":"wp","href":"https:\/\/api.w.org\/{rel}","templated":true}]}}